 446088?
8
What is the units digit of 91636?
6
What is the thousands digit of 448339?
8
What is the millions digit of 1337921?
1
What is the hundreds digit of 111690?
6
What is the units digit of 23038401?
1
What is the hundreds digit of 1434451?
4
What is the units digit of 2855430?
0
What is the millions digit of 1251707?
1
What is the ten thousands digit of 279003?
7
What is the hundreds digit of 144758?
7
What is the tens digit of 307720?
2
What is the units digit of 287905?
5
What is the hundreds digit of 93896?
8
What is the thousands digit of 2885744?
5
What is the thousands digit of 302107?
2
What is the tens digit of 436143?
4
What is the tens digit of 478768?
6
What is the hundreds digit of 5086365?
3
What is the units digit of 353771?
1
What is the thousands digit of 1322256?
2
What is the units digit of 386084?
4
What is the hundreds digit of 677166?
1
What is the millions digit of 15236757?
5
What is the ten millions digit of 13577148?
1
What is the hundred thousands digit of 1896375?
8
What is the thousands digit of 483040?
3
What is the hundreds digit of 14761764?
7
What is the thousands digit of 1298758?
8
What is the tens digit of 1156108?
0
What is the hundred thousands digit of 245512?
2
What is the thousands digit of 46331?
6
What is the ten thousands digit of 5581080?
8
What is the millions digit of 1364076?
1
What is the hundreds digit of 429106?
1
What is the tens digit of 1055541?
4
What is the units digit of 128551?
1
What is the hundreds digit of 5575248?
2
What is the tens digit of 923859?
5
What is the thousands digit of 768427?
8
What is the tens digit of 4888384?
8
What is the hundreds digit of 1524884?
8
What is the ten thousands digit of 2084045?
8
What is the ten thousands digit of 341728?
4
What is the hundreds digit of 16054?
0
What is the ten thousands digit of 957957?
5
What is the ten thousands digit of 699870?
9
What is the tens digit of 513118?
1
What is the millions digit of 1909007?
1
What is the thousands digit of 667255?
7
What is the millions digit of 3614001?
3
What is the tens digit of 1326843?
4
What is the thousands digit of 2859099?
9
What is the ten thousands digit of 5477857?
7
What is the tens digit of 1549?
4
What is the ten thousands digit of 308860?
0
What is the ten thousands digit of 7988390?
8
What is the ten thousands digit of 234499?
3
What is the hundred thousands digit of 154103?
1
What is the units digit of 471275?
5
What is the hundreds digit of 222499?
4
What is the thousands digit of 608477?
8
What is the ten thousands digit of 6007176?
0
What is the ten thousands digit of 753120?
5
What is the tens digit of 941189?
8
What is the hundreds digit of 4366194?
1
What is the millions digit of 5187212?
5
What is the hundreds digit of 383559?
5
What is the hundred thousands digit of 139046?
1
What is the tens digit of 15487246?
4
What is the ten thousands digit of 560261?
6
What is the ten thousands digit of 881934?
8
What is the units digit of 1575242?
2
What is the hundred thousands digit of 5611327?
6
What is the hundreds digit of 329521?
5
What is the ten thousands digit of 2004323?
0
What is the hundreds digit of 11704866?
8
What is the thousands digit of 376826?
6
What is the ten thousands digit of 943084?
4
What is the hundred thousands digit of 118287?
1
What is the hundred thousands digit of 280994?
2
What is the tens digit of 583740?
4
What is the units digit of 5190208?
8
What is the hundred thousands digit of 402702?
4
What is the hundreds digit of 9734630?
6
What is the tens digit of 72059?
5
What is the ten thousands digit of 305876?
0
What is the hundreds digit of 2331487?
4
What is the ten thousands digit of 1188706?
8
What is the thousands digit of 83936?
3
What is the hundreds digit of 453514?
5
What is the units digit of 1038235?
5
What is the tens digit of 348950?
5
What is the tens digit of 813310?
1
What is the tens digit of 11138?
3
What is the hundreds digit of 3308113?
1
What is the millions digit of 9237560?
9
What is the millions digit of 3921978?
3
What is the thousands digit of 215025?
5
What is the units digit of 2498425?
5
What is the hundred thousands digit of 19408208?
4
What is the tens digit of 4532166?
6
What is the tens digit of 261079?
7
What is the thousands digit of 1032708?
2
What is the hundred thousands digit of 741205?
7
What is the units digit of 300028?
8
What is the tens digit of 11643418?
1
What is the tens digit of 1448291?
9
What is the tens digit of 81916?
1
What is the hundred thousands digit of 209359?
2
What is the ten thousands digit of 3334221?
3
What is the ten thousands digit of 8757157?
5
What is the hundreds digit of 59002?
0
What is the thousands digit of 2740349?
0
What is the tens digit of 1066220?
2
What is the hundred thousands digit of 549189?
5
What is the ten thousands digit of 912263?
1
What is the units digit of 659287?
7
What is the hundred thousands digit of 8664658?
6
What is the thousands digit of 9839242?
9
What is the units digit of 390386?
6
What is the ten thousands digit of 281974?
8
What is the ten thousands digit of 3377757?
7
What is the units digit of 631730?
0
What is the hundred thousands digit of 7149859?
1
What is the hundred thousands digit of 2471361?
4
What is the thousands digit of 2070965?
0
What is the hundred thousands digit of 280233?
2
What is the hundreds digit of 5438053?
0
What is the thousands digit of 925973?
5
What is the tens digit of 782026?
2
What is the thousands digit of 24824?
4
What is the hundreds digit of 930724?
7
What is the thousands digit of 202612?
2
What is the units digit of 110229?
9
What is the tens digit of 56565?
6
What is the ten thousands digit of 420105?
2
What is the tens digit of 41875?
7
What is the units digit of 542160?
0
What is the units digit of 10260690?
0
What is the thousands digit of 238607?
8
What is the ten thousands digit of 1837405?
3
What is the units digit of 1674509?
9
What is the thousands digit of 13196888?
6
What is the millions digit of 1885210?
1
What is the tens digit of 529436?
3
What is the units digit of 1791952?
2
What is the units digit of 324005?
5
What is the units digit of 9009538?
8
What is the ten thousands digit of 399490?
9
What is the thousands digit of 66426?
6
What is the units digit of 567617?
7
What is the ten millions digit of 36962184?
3
What is the ten thousands digit of 7267641?
6
What is the hundred thousands digit of 291866?
2
What is the millions digit of 6404061?
6
What is the units digit of 1917171?
1
What is the tens digit of 1038003?
0
What is the units digit of 1362807?
7
What is the hundred thousands digit of 480364?
4
What is the hundreds digit of 4632938?
9
What is the hundred thousands digit of 567164?
5
What is the hundred thousands digit of 5499902?
4
What is the tens digit of 2543867?
6
What is the thousands digit of 27936587?
6
What is the thousands digit of 582184?
2
What is the millions digit of 8345496?
8
What is the tens digit of 1012621?
2
What is the ten thousands digit of 188310?
8
What is the ten thousands digit of 4403837?
0
What is the millions digit of 1519672?
1
What is the thousands digit of 222456?
2
What is the tens digit of 579282?
8
What is the hundred thousands digit of 15969683?
9
What is the millions digit of 1655105?
1
What is the thousands digit of 7246297?
6
What is the millions digit of 2299900?
2
What is the tens digit of 188767?
6
What is the units digit of 924911?
1
What is the thousands digit of 833086?
3
What is the units digit of 4801750?
0
What is the thousands digit of 223017?
3
What is the units digit of 110614?
4
What is the ten thousands digit of 296827?
9
What is the hundred thousands digit of 8665962?
6
What is the tens digit of 1476714?
1
What is the ten thousands digit of 5984969?
8
What is the tens digit of 139325?
2
What is the millions digit of 1264209?
1
What is the thousands digit of 1032723?
2
What is the ten thousands digit of 358645?
5
What is the units digit of 3112406?
6
What is the units digit of 416558?
8
What is the hundreds digit of 9152360?
3
What is the units digit of 4498580?
0
What is the thousands digit of 31559?
1
What is the hundred thousands digit of 1620731?
6
What is the hundred thousands digit of 25296267?
2
What is the hundreds digi